= -c**3 - 2*c**2 - 4*c + 89. Calculate the remainder when l(y) is divided by 23.
20
Let z = 15 + -10. Suppose 3*x = 2*h - 286 + 101, h = z*x + 103. Suppose 5*b + 43 = u + 3*u, -4*u - 4*b + h = 0. Calculate the remainder when 48 is divided by u.
14
Let o(b) = -15*b**2 - 9*b + 21. Let c be o(-10). Let q be (-3)/33 + c/(-33). Calculate the remainder when (-792)/(-21) + 12/q is divided by 13.
12
Let k(m) = -2*m**3 + 2*m**2 + 2*m + 3. Suppose 0 = d + 2*d - 3, 31 = 5*v + d. Suppose -5*z + 54 = -v. Calculate the remainder when k(-2) is divided by z.
11
Let k = 3063 + -3026. What is the remainder when k is divided by 33?
4
Let q(m) = 2*m - 51. Suppose 0 = -2*j - 4*r + 8*r + 86, -j + 15 = 5*r. What is the remainder when 111 is divided by q(j)?
16
Let i = -15229 + 15620. What is the remainder when i is divided by 91?
27
Let s(c) = 26*c + 4676. Calculate the remainder when s(80) is divided by 5.
1
Suppose 600*i + 378 = 609*i. Calculate the remainder when 375 is divided by i.
39
Let a(k) be the first derivative of -32*k + 3/2*k**2 - 1. Calculate the remainder when 63 is divided by a(15).
11
Let h(q) = q**3 + 5*q**2 + 4*q - 1. Let g = -111 + -300. Let l = g - -454. What is the remainder when l is divided by h(-3)?
3
Let c(t) = 4*t**2 - 12*t + 31. Suppose 25 = -5*z, 5*h - 3 = 3*h - z. What is the remainder when 130 is divided by c(h)?
36
Let d(o) = 2*o - 12. Let b = -24 + 32. Let s be d(b). Calculate the remainder when (582/s)/((-66)/(-88)) is divided by 49.
47
Let s(p) = 13*p**2 + 223*p + 1758. Calculate the remainder when s(-8) is divided by 205.
191
Suppose -5*l = 4*p - 17, 0 = 4*p - 3*l - 17 - 24. Let x(w) = w**2 - 15*w + 12. Let c be x(14). What is the remainder when 2 - (c - -1 - 6) is divided by p?
1
Suppose -11*v = 4*v - 1800. What is the remainder when (-2256)/(-45) + (-16)/v is divided by 11?
6
Let a be (-12)/(-96) - 199/(-8). Suppose t = -2*s + a, -4*s + 23 = t - 0*t. What is the remainder when 404 is divided by t?
26
Let f = 13988 + -11853. What is the remainder when f is divided by 239?
223
Let z be (-10)/(-3)*(-9)/(-6). Suppose 0 = -5*i + 4*j + 287, i - 5*i + 246 = z*j. Let y(q) = 57*q + 585. What is the remainder when i is divided by y(-10)?
14
Let q(g) = -g**2 - 6*g. Let k be q(-6). Let a(y) = -6*y**3 - y**2 + y + 7*y**3 - 4 - y + 17. What is the remainder when 24 is divided by a(k)?
11
Let j(b) = 58*b + 53. What is the remainder when j(4) is divided by 24?
21
Let n(p) = -3*p - 19. Let h be n(-11). Suppose -5*s - 110 = -5*x, -3*s - 12 - h = -x. Calculate the remainder when 97 is divided by x.
17
What is the remainder when 3985 is divided by ((-32)/24 - -2)/(-2) + 230/6?
33
Suppose 5*f + 4*l - 779 = 0, 0 = f - 26*l + 30*l - 143. Calculate the remainder when 1261 is divided by f.
148
Let j(s) = -s**3 - 25*s**2 - 24*s - 14. Let m be j(-24). Let n = -9 - m. Suppose n*g = 98 + 37. Calculate the remainder when g is divided by 7.
6
Let n(c) = 60*c + 887. Let s(r) = 15*r + 222. Let t(b) = 2*n(b) - 9*s(b). What is the remainder when 92 is divided by t(-17)?
30
Suppose 0 = 218*y + 332*y - 146*y - 5252. Calculate the remainder when 50568 is divided by y.
11
Let l(b) = b**3 + 11*b**2 + 4*b - 42. Let c(a) = -a**3 - 7*a**2 - 7*a + 5. Let i be c(-5). What is the remainder when 710/25 + (-2)/5 is divided by l(i)?
10
Suppose 4*y - 64 = -2*q, 3*q - 184 = -2*q - 2*y. Let g(o) = -o**2 - 15*o - 53. Let h be g(-7). Calculate the remainder when 57/19*(h + 278/6) is divided by q.
34
Calculate the remainder when 189 is divided by 3/30 - (-3045)/50.
6
What is the remainder when 656 + 17 + (17 - 15) is divided by 334?
7
Suppose -8147 = 116*a - 119*a + r, a = r + 2721. Calculate the remainder when a is divided by 1345.
23
Suppose 4733 = 25*v - 11350 + 5583. Calculate the remainder when v is divided by 40.
20
Let r be ((-225)/10)/((-2 + -2)/56). Suppose -27*i - r = -34*i. Calculate the remainder when i is divided by 24.
21
Suppose s - 52 = -8*r + 4*r, 0 = -5*r - 3*s + 58. Suppose 0 = -3*d + 422 + 64. Suppose 0 = -0*x + 3*x - d. What is the remainder when x is divided by r?
12
Suppose 37*l + 2640 = 47*l. Let g = l - 113. What is the remainder when g is divided by 38?
37
Let o = -22 - -40. Let t = 12 + -9. Suppose 0 = t*d - o - 12. What is the remainder when d is divided by 7?
3
What is the remainder when 65 is divided by (50/(-225))/(4/(-90))*5?
15
Calculate the remainder when 1992 is divided by (1100/75)/(14/21).
12
Let x(y) = -3*y - 2. Let t be x(-2). Suppose 0 = 5*f - 10, 0 = -9*m + t*m + f + 58. Calculate the remainder when 105 is divided by m.
9
Let s(h) = -2*h**2 + 36*h + 75. Let f = 295 + -112. What is the remainder when f is divided by s(19)?
35
Let d = -6979 + 6999. What is the remainder when 459 is divided by d?
19
Suppose 2*s - 1421 = -q, 5*s - 29*q + 33*q = 3548. What is the remainder when s is divided by 20?
12
Suppose -2 - 8 = -10*g. Let f(x) = 11*x + 40. Let a(p) = 1. Let l(q) = g*f(q) - 6*a(q). What is the remainder when l(8) is divided by 21?
17
Let t = -66 + -189. What is the remainder when 1/((-1788)/t - 7) is divided by 11?
8
Suppose 0 = -12224*h + 12298*h - 165834. Calculate the remainder when h is divided by 37.
21
Suppose 4*i + 2*c - 646 = 0, -c - c = 2. Let o = 21 - i. What is the remainder when (-3)/((-36)/(-8))*o is divided by 49?
45
Let u = 137 - 106. Suppose 0 = -7*b + 2850 - 1863. What is the remainder when b is divided by u?
17
Let m(f) = 2*f**3 - 8*f**2 + 3*f + 2. Calculate the remainder when m(5) is divided by 1 + 5 + (0 + 5 - -13).
19
Let o be 4 - 9*(-2)/(-6) - 52. Let f = o - -116. Let v = -60 + f. What is the remainder when 36 is divided by v?
1
Let m(q) = 338*q + 12. Calculate the remainder when 109 is divided by m(0).
1
Suppose 51*c = -21*c + 14040. What is the remainder when c is divided by 53?
36
Suppose 18*x = w + 13*x - 32, w = -5*x + 52. Suppose -b - w*b = -23908. What is the remainder when b is divided by 9?
7
Let u = -15027 - -20926. Calculate the remainder when u is divided by 12.
7
Let y = -338 - -532. What is the remainder when y is divided by (-392)/(-28) + 14 + 1*5?
29
Suppose 161*i - 163*i = -18. What is the remainder when (-1)/7 + 18576/84 is divided by i?
5
Let i(p) = -p**3 + 2*p**2 + 6*p - 6. Let u be i(3). What is the remainder when u/(-18) + (-1756)/(-24) is divided by 26?
21
Let f(c) = 2*c**2 + 8*c - 6. Suppose 0 = -n + 5*k + 1009 - 230, 4*n + 6*k - 2986 = 0. What is the remainder when n is divided by f(-9)?
82
Let q be 32/144 - 274/18. What is the remainder when 218 is divided by ((-64)/96)/(1/q)?
8
Calculate the remainder when 1018 is divided by (-8)/6 + 1 + 99660/495.
13
Let t(m) = m + 5. Let g be t(0). Suppose 0 = g*p + 2*l + l - 194, 3*p + 5*l = 126. What is the remainder when 180 is divided by p?
32
Let h(n) = n**2 - 26*n - 318. What is the remainder when 311 is divided by h(-10)?
17
Suppose -3*y = -5*l - 16517, -5*y + 27484 = 9*l - 11*l. What is the remainder when y is divided by 8?
6
Let h = 7445 - 7416. Calculate the remainder when 6928 is divided by h.
26
Suppose -34*k = -4*j - 29*k + 838, -5*j + 3*k + 1067 = 0. Calculate the remainder when j is divided by 87.
43
Let o be 2/(-7) - (-2224)/(-56). Suppose 0 = 8*c - 10*c + 68. What is the remainder when o/60 + 598/6 is divided by c?
31
Suppose 5*c - 5*b = 95, -7*c + 558*b = 556*b - 148. Suppose 2*l - 252 = m, -3*l + l = -2*m - 256. Calculate the remainder when l is divided by c.
14
Let c(u) = 6 - 18*u - u**2 - u + 14*u. What is the remainder when 39 is divided by c(-4)?
9
What is the remainder when 19629 is divided by 282 - (-4 - (-9 + 25))?
301
Let x = -11951 - -11993. What is the remainder when 1809 is divided by x?
3
Let d(q) = -2*q**2 - 6*q + 51. Let j(p) = p**2 + 4*p - 25. Let o(z) = 3*d(z) + 5*j(z). What is the remainder when 161 is divided by o(5)?
5
Let p = -166 + 307. Let o(k) = 4*k - 24. Calculate the remainder when p is divided by o(24).
69
Let d be 174/54 + (-4)/18. Suppose 5*i = 2*q + 11, 2*q - d*q - 2*i = 1. Let m = 11 + q. Calculate the remainder when 22 is divided by m.
6
Suppose -2*j + 0*j = 5*r - 69, -5*r - 85 = -5*j. Suppose 0 = 23*i - j*i - 56. What is the remainder when i is divided by 25?
6
Let s(q) = 2*q**2 + 8*q - 16. Let v be s(12). Suppose 4*i + 320 + v = 0. Let g = -117 - i. What is the remainder when g is divided by 8?
7
What 